ighest common factor of 5373452 and 477988?
1204
Calculate the greatest common divisor of 16244 and 8437972.
524
Calculate the highest common divisor of 39042 and 24607064.
482
Calculate the greatest common factor of 1906 and 9086855.
953
What is the highest common factor of 528 and 101310?
66
Calculate the highest common divisor of 1320415 and 100.
5
Calculate the greatest common factor of 13869193 and 533.
533
Calculate the greatest common divisor of 672 and 2050240.
32
Calculate the greatest common divisor of 1005 and 4984465.
335
Calculate the greatest common factor of 2940453 and 16956.
1413
What is the highest common factor of 4263 and 4538007?
87
Calculate the greatest common divisor of 60227 and 12361.
263
Calculate the highest common divisor of 338822 and 24486.
22
What is the greatest common factor of 14501892 and 4260?
852
Calculate the greatest common factor of 33664640 and 328.
8
What is the highest common factor of 260461990 and 590?
590
What is the highest common factor of 9470010 and 385?
55
Calculate the greatest common factor of 198 and 25842663.
99
Calculate the highest common factor of 43925274 and 108.
54
Calculate the greatest common factor of 1302 and 1255604532.
1302
Calculate the greatest common divisor of 36195 and 8805.
15
What is the greatest common divisor of 38304 and 252567000?
9576
What is the greatest common divisor of 202698287 and 99?
11
Calculate the greatest common divisor of 421116482 and 4611.
1537
What is the greatest common factor of 1253664 and 160?
32
Calculate the greatest common divisor of 200267606 and 2849.
2849
What is the greatest common factor of 1216 and 87443776?
1216
What is the highest common divisor of 5073 and 74639049?
5073
Calculate the highest common factor of 248 and 1349584.
8
What is the greatest common factor of 50605 and 2483135?
1745
Calculate the highest common factor of 2406 and 4329600.
6
Calculate the highest common factor of 8433346 and 182478.
3578
Calculate the highest common divisor of 25068296 and 76798.
1786
What is the greatest common divisor of 538019960 and 8480?
2120
Calculate the greatest common factor of 260098 and 9494.
94
Calculate the greatest common divisor of 152 and 2268136.
8
Calculate the highest common divisor of 14094624 and 14.
2
What is the greatest common factor of 1377 and 14201?
1
What is the highest common divisor of 9 and 90462051?
9
What is the greatest common divisor of 96 and 190504812?
12
Calculate the highest common factor of 5315831 and 237.
79
What is the greatest common divisor of 579072 and 15776?
928
What is the highest common factor of 3822 and 207319?
49
Calculate the greatest common factor of 4638772 and 2862.
106
What is the highest common divisor of 14378916 and 19716?
372
Calculate the greatest common divisor of 396964928 and 64.
64
What is the highest common divisor of 841008 and 2884?
28
Calculate the highest common factor of 288938 and 234.
26
What is the highest common divisor of 182154 and 143122?
14
What is the greatest common factor of 2326823752 and 1672?
1672
Calculate the highest common factor of 3178 and 1089827.
227
Calculate the greatest common divisor of 268862 and 64640.
202
Calculate the highest common divisor of 35 and 56048370.
35
Calculate the greatest common factor of 1416 and 8250324.
708
What is the greatest common divisor of 550724971 and 367?
367
What is the greatest common divisor of 6821 and 1639553?
359
Calculate the highest common divisor of 34471201 and 41.
41
What is the greatest common factor of 2750362 and 18122?
1394
What is the greatest common factor of 119968 and 5354032?
368
Calculate the greatest common factor of 1298604 and 420.
12
Calculate the highest common divisor of 6227793 and 1056.
33
Calculate the highest common factor of 2805536 and 18.
2
What is the highest common factor of 831 and 1626601893?
831
Calculate the highest common factor of 43572 and 463668.
12
Calculate the greatest common factor of 5183 and 1016933.
71
Calculate the greatest common factor of 2450098 and 13132.
98
What is the greatest common divisor of 1360 and 142565?
5
Calculate the highest common divisor of 889350 and 528.
66
Calculate the highest common factor of 224294987 and 854.
427
What is the highest common divisor of 4877447 and 138632?
1333
What is the greatest common divisor of 1572413 and 31?
31
What is the highest common divisor of 3360 and 153278880?
480
What is the highest common divisor of 15664 and 13202794?
1958
What is the highest common factor of 268708 and 1014940?
124
Calculate the greatest common divisor of 65334 and 87.
3
Calculate the highest common divisor of 3298685 and 3705.
1235
Calculate the highest common divisor of 582228 and 28188.
972
What is the highest common divisor of 101871 and 59400?
297
What is the highest common divisor of 11375 and 326125?
125
Calculate the highest common divisor of 62556675 and 150.
75
What is the highest common divisor of 721325 and 20?
5
Calculate the greatest common divisor of 14623 and 248010.
7
What is the greatest common divisor of 3996896 and 131254?
4234
What is the greatest common divisor of 37327476 and 57?
57
Calculate the highest common divisor of 1510440 and 1693710.
1230
Calculate the greatest common divisor of 549 and 59574186.
549
Calculate the highest common divisor of 199 and 1267468213.
199
What is the greatest common divisor of 153 and 48957750?
9
Calculate the greatest common factor of 144 and 138636.
36
Calculate the greatest common factor of 1230 and 1099210410.
1230
What is the highest common divisor of 86818445 and 29155?
1715
What is the greatest common factor of 440672 and 356542?
94
Calculate the highest common factor of 25602210 and 60.
30
Calculate the greatest common divisor of 24164 and 5194.
14
Calculate the highest common divisor of 1188 and 15371268.
132
What is the greatest common factor of 948 and 9475068?
12
What is the highest common factor of 50369106 and 6?
6
What is the greatest common divisor of 400101084 and 36?
36
What is the highest common divisor of 1738342 and 1457?
47
What is the greatest common divisor of 58770 and 387900?
90
Calculate the highest common factor of 10 and 1261238.
2
What is the highest common divisor of 24216297 and 7?
7
Calculate the highest common factor of 27480052 and 116.
116
Calculate the greatest common divisor of 6253 and 14325142.
481
Calculate the highest common divisor of 50822257 and 5319.
197
What is the highest common factor of 87377 and 227650?
29
What is the highest common factor of 170 and 1241054570?
170
What is the highest common factor of 1750 and 28749000?
1750
What is the greatest common divisor of 551 and 12327599?
19
What is the greatest common divisor of 13357764 and 4116?
84
Calculate the highest common factor of 1745679 and 459.
51
What is the highest common factor of 2055 and 36755045?
685
Calculate the highest common divisor of 56211885 and 207.
207
Calculate the greatest common divisor of 8 and 3254376.
8
What is the highest common factor of 27004 and 4322524?
628
What is the greatest common factor of 1546645 and 492192?
1709
Calculate the greatest common divisor of 537897 and 217507.
199
Calculate the highest common factor of 973972 and 107498.
118
What is the greatest common factor of 1147475 and 111785?
395
Calculate the highest common factor of 598 and 43446862.
46
Calculate the greatest common divisor of 296 and 15646856.
296
What is the greatest common factor of 2115 and 290340?
45
Calculate the highest common factor of 6 and 34026558.
6
Calculate the highest common factor of 34 and 11789041.
17
Calculate the greatest common divisor of 103237173 and 741.
39
What is the greatest common factor of 303112057 and 697?
697
Calculate the highest common divisor of 3576 and 361464.
24
What is the highest common factor of 140620425 and 528?
33
What is the highest common divisor of 23391 and 5474?
23
What is the highest common divisor of 510 and 38254760?
170
What is the highest common divisor of 789370 and 308800?
1930
Calculate the highest common factor of 61393123 and 1672.
209
Calculate the greatest common divisor of 736 and 11781152.
736
Calculate the greatest common divisor of 378 and 1143126.
54
Calculate the greatest common factor of 53 and 1894577273.
53
Cal